nder when 10544 is divided by 124.
4
What is the remainder when 7143 is divided by 2370?
33
Calculate the remainder when 1133 is divided by 75.
8
Calculate the remainder when 149469 is divided by 3832.
21
What is the remainder when 34909 is divided by 69?
64
What is the remainder when 304492 is divided by 3107?
6
Calculate the remainder when 6538 is divided by 148.
26
Calculate the remainder when 1019 is divided by 452.
115
Calculate the remainder when 40798 is divided by 237.
34
Calculate the remainder when 1878 is divided by 376.
374
What is the remainder when 15818 is divided by 452?
450
What is the remainder when 311 is divided by 132?
47
What is the remainder when 22532 is divided by 23?
15
Calculate the remainder when 2839 is divided by 7.
4
What is the remainder when 94414 is divided by 17?
13
What is the remainder when 11295 is divided by 2548?
1103
What is the remainder when 26849 is divided by 8937?
38
Calculate the remainder when 23370 is divided by 53.
50
What is the remainder when 42667 is divided by 14214?
25
Calculate the remainder when 72275 is divided by 142.
139
Calculate the remainder when 16981 is divided by 1061.
5
Calculate the remainder when 706937 is divided by 84.
77
Calculate the remainder when 648443 is divided by 35.
33
Calculate the remainder when 1850 is divided by 558.
176
Calculate the remainder when 47178 is divided by 37.
3
Calculate the remainder when 10104 is divided by 34.
6
Calculate the remainder when 308070 is divided by 8.
6
What is the remainder when 5762 is divided by 384?
2
What is the remainder when 7311 is divided by 8?
7
What is the remainder when 3001 is divided by 2923?
78
Calculate the remainder when 203 is divided by 51.
50
Calculate the remainder when 13688 is divided by 3420.
8
Calculate the remainder when 13217 is divided by 210.
197
What is the remainder when 164638 is divided by 21?
19
Calculate the remainder when 8063 is divided by 180.
143
Calculate the remainder when 72405 is divided by 26.
21
What is the remainder when 4407 is divided by 569?
424
Calculate the remainder when 91263 is divided by 23.
22
Calculate the remainder when 55753 is divided by 1389.
193
What is the remainder when 1521 is divided by 524?
473
What is the remainder when 8941 is divided by 1111?
53
What is the remainder when 1779 is divided by 260?
219
Calculate the remainder when 76731 is divided by 104.
83
What is the remainder when 14164 is divided by 383?
376
What is the remainder when 310 is divided by 34?
4
What is the remainder when 3606 is divided by 201?
189
What is the remainder when 172394 is divided by 2573?
3
Calculate the remainder when 395435 is divided by 2765.
40
Calculate the remainder when 39322 is divided by 55.
52
What is the remainder when 295660 is divided by 387?
379
Calculate the remainder when 58901 is divided by 579.
422
Calculate the remainder when 557908 is divided by 20663.
7
What is the remainder when 2222 is divided by 1813?
409
What is the remainder when 38985 is divided by 200?
185
What is the remainder when 21396 is divided by 261?
255
Calculate the remainder when 71081 is divided by 27.
17
Calculate the remainder when 16293 is divided by 39.
30
What is the remainder when 1060 is divided by 120?
100
Calculate the remainder when 5614 is divided by 44.
26
What is the remainder when 235311 is divided by 23?
21
Calculate the remainder when 16009 is divided by 3195.
34
Calculate the remainder when 16487 is divided by 41.
5
What is the remainder when 1132 is divided by 364?
40
Calculate the remainder when 45066 is divided by 45.
21
What is the remainder when 4178920 is divided by 2077?
2073
Calculate the remainder when 3567 is divided by 559.
213
Calculate the remainder when 980103 is divided by 19602.
3
Calculate the remainder when 51410 is divided by 17132.
14
What is the remainder when 6228 is divided by 23?
18
What is the remainder when 6255 is divided by 1550?
55
What is the remainder when 24169 is divided by 28?
5
What is the remainder when 326259 is divided by 103?
58
Calculate the remainder when 22567 is divided by 364.
363
Calculate the remainder when 10180 is divided by 1138.
1076
What is the remainder when 43918 is divided by 36?
34
What is the remainder when 23245 is divided by 2314?
105
Calculate the remainder when 8450 is divided by 526.
34
Calculate the remainder when 9518 is divided by 25.
18
Calculate the remainder when 2727884 is divided by 719.
717
Calculate the remainder when 37673 is divided by 6173.
635
Calculate the remainder when 3126 is divided by 1755.
1371
What is the remainder when 19416 is divided by 19?
17
What is the remainder when 3348 is divided by 21?
9
What is the remainder when 81478 is divided by 113?
5
Calculate the remainder when 1018 is divided by 1013.
5
Calculate the remainder when 44520 is divided by 73.
63
Calculate the remainder when 175710 is divided by 329.
24
Calculate the remainder when 6605 is divided by 28.
25
Calculate the remainder when 489191 is divided by 327.
326
What is the remainder when 1424 is divided by 97?
66
Calculate the remainder when 5621 is divided by 29.
24
Calculate the remainder when 208260 is divided by 1765.
1755
What is the remainder when 518384 is divided by 259186?
12
Calculate the remainder when 5520 is divided by 1825.
45
Calculate the remainder when 156029 is divided by 49.
13
Calculate the remainder when 51966 is divided by 44.
2
Calculate the remainder when 8938 is divided by 160.
138
What is the remainder when 19007 is divided by 1111?
120
Calculate the remainder when 14551 is divided by 34.
33
Calculate the remainder when 8475 is divided by 48.
27
What is the remainder when 267523 is divided by 1446?
13
What is the remainder when 650994 is divided by 2604?
2598
Calculate the remainder when 552 is divided by 82.
60
Calculate the remainder when 1573 is divided by 842.
731
Calculate the remainder when 35044 is divided by 13.
9
Calculate the remainder when 545741 is divided by 155.
141
What is the remainder when 430 is divided by 340?
90
Calculate the remainder when 18835 is divided by 389.
163
Calculate the remainder when 4354 is divided by 483.
7
What is the remainder when 17932 is divided by 1604?
288
Calculate the remainder when 2859 is divided by 804.
447
What is the remainder when 98622 is divided by 24643?
50
Calculate the remainder when 15331 is divided by 71.
66
Calculate the remainder when 125884 is divided by 31468.
12
What is the remainder when 1569 is divided by 255?
39
Calculate the remainder when 11498 is divided by 205.
18
Calculate the remainder when 1068 is divided by 134.
130
What is the remainder when 1899 is divided by 159?
150
Calculate the remainder when 17981 is divided by 151.
12
What is the remainder when 59179 is divided by 8?
3
Calculate the remainder when 1472 is divided by 1260.
212
Calculate the remainder when 23827 is divided by 36.
31
Calculate the remainder when 110208 is divided by 181.
160
What is the remainder when 578381 is divided by 47?
46
Calculate the remainder when 12921 is divided by 6457.
7
Calculate the remainder when 1344 is divided by 415.
99
Calculate the remainder when 7251 is divided by 227.
214
Calculate the remainder when 26333 is divided by 38.
37
What is the remainder when 20199 is divided by 6697?
108
What is the remainder when 23024 is divided by 743?
734
Calculate the remainder when 3920 is divided by 3820.
100
Calculate the remainder when 4694 is divided by 311.
29
Calculate the remainder when 13944 is divided by 25.
19
What is the remainder when 1897532 is divided by 24?
20
Calculate the remainder when 2682 is divided by 741.
459
What is the remainder when 845 is divided by 14?
5
What is the remainder when 4503 is divided by 4431?
72
Calculate the remainder when 9845 is divided by 969.
155
Calculate the remainder when 50071 is divided by 451.
10
Calculate the remainder when 19292 is divided by 6430.
2
What is the remainder when 48122 is divided by 64?
58
Calculate the remainder when 4239 is divided by 87.
63
What is the remainder when 2041703 is divided by 24?
23
What is the remainder when 10009 is divided by 110?
109
What is the remainder when 1674 is divided by 1616?
58
Calculate the remainder when 703819 is divided by 260.
259
What is the remai